{"id":13,"date":"2025-09-15T16:50:18","date_gmt":"2025-09-15T19:50:18","guid":{"rendered":"https:\/\/rncd.kircdigital.com.br\/?page_id=13"},"modified":"2025-09-15T19:25:34","modified_gmt":"2025-09-15T22:25:34","slug":"home","status":"publish","type":"page","link":"https:\/\/rncd.kircdigital.com.br\/","title":{"rendered":"Home"},"content":{"rendered":"\t\t<div data-elementor-type=\"wp-page\" data-elementor-id=\"13\" class=\"elementor elementor-13\">\n\t\t\t\t<div class=\"elementor-element elementor-element-bc996ac e-flex e-con-boxed e-con e-parent\" data-id=\"bc996ac\" data-element_type=\"container\">\n\t\t\t\t\t<div class=\"e-con-inner\">\n\t\t\t\t<div class=\"elementor-element elementor-element-ce5efbf elementor-widget elementor-widget-shortcode\" data-id=\"ce5efbf\" data-element_type=\"widget\" data-widget_type=\"shortcode.default\">\n\t\t\t\t\t\t\t<div class=\"elementor-shortcode\"><div class=\"row g-3 rncd-grid\"><div class=\"col-12 col-sm-6 col-md-4\">        <div class=\"card rncd-card shadow-sm h-100\">\n                            <div class=\"rncd-card-logo p-3 text-center\"><img decoding=\"async\" width=\"200\" height=\"100\" src=\"https:\/\/rncd.kircdigital.com.br\/wp-content\/uploads\/2025\/09\/001.png\" class=\"img-fluid mx-auto d-block rncd-logo wp-post-image\" alt=\"\" \/><\/div>\n                        <div class=\"card-body\">\n                <h5 class=\"card-title fw-semibold text-dark mb-2\">Ag\u00eancia Bori (SP)<\/h5>\n                                    <div class=\"card-text text-secondary small rncd-desc\"><p>Conhecimento que vira not\u00edcia<\/p>\n<\/div>\n                            <\/div>\n                        <div class=\"card-footer bg-white border-0 pt-0 pb-3\">\n                <div class=\"d-flex flex-wrap gap-3 rncd-icons\">\n                                            <a class=\"rncd-icon-link\" href=\"https:\/\/abori.com.br\/\" target=\"_blank\" rel=\"noopener\"><i class=\\\"fa-solid fa-globe\\\" aria-hidden=\\\"true\\\"><\/i><\/a>\n                                                                <a class=\"rncd-icon-link\" href=\"mailto:bori@kirc.com.br\"><i class=\\\"fa-solid fa-envelope\\\" aria-hidden=\\\"true\\\"><\/i><\/a>\n                                                                <a class=\"rncd-icon-link\" href=\"https:\/\/www.instagram.com\/agencia_bori\/\" target=\"_blank\" rel=\"noopener\"><i class=\\\"fa-brands fa-instagram\\\" aria-hidden=\\\"true\\\"><\/i><\/a>\n                                                                <a class=\"rncd-icon-link\" href=\"https:\/\/www.facebook.com\/agenciabori\" target=\"_blank\" rel=\"noopener\"><i class=\\\"fa-brands fa-facebook\\\" aria-hidden=\\\"true\\\"><\/i><\/a>\n                                                                <a class=\"rncd-icon-link\" href=\"https:\/\/x.com\/agencia_bori\" target=\"_blank\" rel=\"noopener\"><i class=\\\"fa-brands fa-x-twitter\\\" aria-hidden=\\\"true\\\"><\/i><\/a>\n                                                                <a class=\"rncd-icon-link\" href=\"https:\/\/linkedin.com.br\" target=\"_blank\" rel=\"noopener\"><i class=\\\"fa-brands fa-linkedin-in\\\" aria-hidden=\\\"true\\\"><\/i><\/a>\n                                    <\/div>\n            <\/div>\n                    <\/div>\n        <\/div><div class=\"col-12 col-sm-6 col-md-4\">        <div class=\"card rncd-card shadow-sm h-100\">\n                            <div class=\"rncd-card-logo p-3 text-center\"><img decoding=\"async\" width=\"200\" height=\"100\" src=\"https:\/\/rncd.kircdigital.com.br\/wp-content\/uploads\/2025\/09\/agenciaPAIA.png\" class=\"img-fluid mx-auto d-block rncd-logo wp-post-image\" alt=\"\" \/><\/div>\n                        <div class=\"card-body\">\n                <h5 class=\"card-title fw-semibold text-dark mb-2\">Ag\u00eancia Pai\u00e1 (PA)<\/h5>\n                                    <div class=\"card-text text-secondary small rncd-desc\"><p>Ag\u00eancia Experimental de Jornalismo<\/p>\n<\/div>\n                            <\/div>\n                        <div class=\"card-footer bg-white border-0 pt-0 pb-3\">\n                <div class=\"d-flex flex-wrap gap-3 rncd-icons\">\n                                            <a class=\"rncd-icon-link\" href=\"https:\/\/icsa-paia.unifesspa.edu.br\/agencia-paia\/\" target=\"_blank\" rel=\"noopener\"><i class=\\\"fa-solid fa-globe\\\" aria-hidden=\\\"true\\\"><\/i><\/a>\n                                                                <a class=\"rncd-icon-link\" href=\"mailto:email@email.com\"><i class=\\\"fa-solid fa-envelope\\\" aria-hidden=\\\"true\\\"><\/i><\/a>\n                                                                                    <a class=\"rncd-icon-link\" href=\"https:\/\/www.facebook.com\/agenciadejornalismopaia\" target=\"_blank\" rel=\"noopener\"><i class=\\\"fa-brands fa-facebook\\\" aria-hidden=\\\"true\\\"><\/i><\/a>\n                                                                            <\/div>\n            <\/div>\n                    <\/div>\n        <\/div><div class=\"col-12 col-sm-6 col-md-4\">        <div class=\"card rncd-card shadow-sm h-100\">\n                            <div class=\"rncd-card-logo p-3 text-center\"><img decoding=\"async\" width=\"200\" height=\"100\" src=\"https:\/\/rncd.kircdigital.com.br\/wp-content\/uploads\/2025\/09\/21storm.png\" class=\"img-fluid mx-auto d-block rncd-logo wp-post-image\" alt=\"\" \/><\/div>\n                        <div class=\"card-body\">\n                <h5 class=\"card-title fw-semibold text-dark mb-2\">Ag\u00eancia Storm (ES)<\/h5>\n                                    <div class=\"card-text text-secondary small rncd-desc\"><p>Ag\u00eancia Storm (ES)<\/p>\n<\/div>\n                            <\/div>\n                        <div class=\"card-footer bg-white border-0 pt-0 pb-3\">\n                <div class=\"d-flex flex-wrap gap-3 rncd-icons\">\n                                            <a class=\"rncd-icon-link\" href=\"https:\/\/agenciastorm.com\/\" target=\"_blank\" rel=\"noopener\"><i class=\\\"fa-solid fa-globe\\\" aria-hidden=\\\"true\\\"><\/i><\/a>\n                                                                <a class=\"rncd-icon-link\" href=\"mailto:storm@email.com.br\"><i class=\\\"fa-solid fa-envelope\\\" aria-hidden=\\\"true\\\"><\/i><\/a>\n                                                                <a class=\"rncd-icon-link\" href=\"https:\/\/www.instagram.com\/agenciastorm\/\" target=\"_blank\" rel=\"noopener\"><i class=\\\"fa-brands fa-instagram\\\" aria-hidden=\\\"true\\\"><\/i><\/a>\n                                                                                                <\/div>\n            <\/div>\n                    <\/div>\n        <\/div><div class=\"col-12 col-sm-6 col-md-4\">        <div class=\"card rncd-card shadow-sm h-100\">\n                            <div class=\"rncd-card-logo p-3 text-center\"><img loading=\"lazy\" decoding=\"async\" width=\"195\" height=\"100\" src=\"https:\/\/rncd.kircdigital.com.br\/wp-content\/uploads\/2025\/09\/logo-novo-anda.jpg\" class=\"img-fluid mx-auto d-block rncd-logo wp-post-image\" alt=\"\" \/><\/div>\n                        <div class=\"card-body\">\n                <h5 class=\"card-title fw-semibold text-dark mb-2\">ANDA &#8211; Ag\u00eancia de Not\u00edcias de Direitos Animais<\/h5>\n                                    <div class=\"card-text text-secondary small rncd-desc\"><p>Ve\u00edculo jornal\u00edstico que combate a viol\u00eancia social e a destrui\u00e7\u00e3o do meio ambiente a partir da defesa dos direitos animais.<\/p>\n<\/div>\n                            <\/div>\n                        <div class=\"card-footer bg-white border-0 pt-0 pb-3\">\n                <div class=\"d-flex flex-wrap gap-3 rncd-icons\">\n                                            <a class=\"rncd-icon-link\" href=\"https:\/\/anda.jor.br\/\" target=\"_blank\" rel=\"noopener\"><i class=\\\"fa-solid fa-globe\\\" aria-hidden=\\\"true\\\"><\/i><\/a>\n                                                                <a class=\"rncd-icon-link\" href=\"mailto:anda@email.com\"><i class=\\\"fa-solid fa-envelope\\\" aria-hidden=\\\"true\\\"><\/i><\/a>\n                                                                <a class=\"rncd-icon-link\" href=\"https:\/\/www.instagram.com\/andanews\/\" target=\"_blank\" rel=\"noopener\"><i class=\\\"fa-brands fa-instagram\\\" aria-hidden=\\\"true\\\"><\/i><\/a>\n                                                                <a class=\"rncd-icon-link\" href=\"https:\/\/www.facebook.com\/groups\/ANDAnews\/\" target=\"_blank\" rel=\"noopener\"><i class=\\\"fa-brands fa-facebook\\\" aria-hidden=\\\"true\\\"><\/i><\/a>\n                                                                <a class=\"rncd-icon-link\" href=\"https:\/\/x.com\/andanews\" target=\"_blank\" rel=\"noopener\"><i class=\\\"fa-brands fa-x-twitter\\\" aria-hidden=\\\"true\\\"><\/i><\/a>\n                                                                <a class=\"rncd-icon-link\" href=\"https:\/\/www.linkedin.com\/company\/andanews\/\" target=\"_blank\" rel=\"noopener\"><i class=\\\"fa-brands fa-linkedin-in\\\" aria-hidden=\\\"true\\\"><\/i><\/a>\n                                    <\/div>\n            <\/div>\n                    <\/div>\n        <\/div><\/div><\/div>\n\t\t\t\t\t\t<\/div>\n\t\t\t\t\t<\/div>\n\t\t\t\t<\/div>\n\t\t\t\t<\/div>\n\t\t","protected":false},"excerpt":{"rendered":"","protected":false},"author":1,"featured_media":0,"parent":0,"menu_order":0,"comment_status":"closed","ping_status":"closed","template":"","meta":{"footnotes":""},"class_list":["post-13","page","type-page","status-publish","hentry"],"_links":{"self":[{"href":"https:\/\/rncd.kircdigital.com.br\/index.php\/wp-json\/wp\/v2\/pages\/13","targetHints":{"allow":["GET"]}}],"collection":[{"href":"https:\/\/rncd.kircdigital.com.br\/index.php\/wp-json\/wp\/v2\/pages"}],"about":[{"href":"https:\/\/rncd.kircdigital.com.br\/index.php\/wp-json\/wp\/v2\/types\/page"}],"author":[{"embeddable":true,"href":"https:\/\/rncd.kircdigital.com.br\/index.php\/wp-json\/wp\/v2\/users\/1"}],"replies":[{"embeddable":true,"href":"https:\/\/rncd.kircdigital.com.br\/index.php\/wp-json\/wp\/v2\/comments?post=13"}],"version-history":[{"count":4,"href":"https:\/\/rncd.kircdigital.com.br\/index.php\/wp-json\/wp\/v2\/pages\/13\/revisions"}],"predecessor-version":[{"id":30,"href":"https:\/\/rncd.kircdigital.com.br\/index.php\/wp-json\/wp\/v2\/pages\/13\/revisions\/30"}],"wp:attachment":[{"href":"https:\/\/rncd.kircdigital.com.br\/index.php\/wp-json\/wp\/v2\/media?parent=13"}],"curies":[{"name":"wp","href":"https:\/\/api.w.org\/{rel}","templated":true}]}}